be the first derivative of 9*o**4/4 - o**3/3 - o**2 - o - 4. Give t(p).
-9
Suppose -12 = 5*k - 2. Let m be -1 + 6/9*6. Let s(a) = a**2 + 4*a - 4. Let y(z) = -z**2 - 3*z + 3. Let t(u) = m*s(u) + 4*y(u). Calculate t(k).
-4
Let f(m) = 4*m + 0*m**3 - 5*m**3 - 3*m - 9*m**2 - 4 + 4*m**3. Determine f(-9).
-13
Let t(b) = 5*b - 4. Suppose 0 = g - 6*g + 15. What is t(g)?
11
Let k(g) = g + 1. Let a(d) = -d**3 + 9*d + 2. Let b(r) = -a(r) + 5*k(r). Give b(2).
3
Let w(a) be the third derivative of -a**5/60 - a**4/3 - 5*a**3/6 + 3*a**2. Determine w(-5).
10
Let r(x) = x**3 + x + 5. Suppose -40 = -0*z - 2*z. Let s be (-8)/z - 4/(-10). Give r(s).
5
Let z(c) = 4*c**2 + 0 - 6*c - 3*c**2 + 1. Let a = 22 + -13. Let q = a - 3. What is z(q)?
1
Let z(b) be the first derivative of b**2 + b + 4. Let u(y) = -3*y - 1. Let p(v) = v**3 - v**2 - 2*v - 1. Let k be p(-1). Let t be u(k). Calculate z(t).
5
Suppose -3*t + 2*t + 2 = 0. Suppose 0 = t*k - 0 - 6. Let l(p) = 2*p - 3. Calculate l(k).
3
Let o(t) = -7 + t + 3 - 5 - 3. Give o(11).
-1
Suppose 2*v = 5*v + 3*a - 15, -3*a = 2*v - 15. Let b(o) = -o**3 - o**2 + o + 2. Give b(v).
2
Let j(y) = -y + 1. Let k be (-5)/(-10) + 18/4. Suppose 35 + 0 = k*h. Suppose o = 3*s + 16, -h*o + 2*o = 2*s - 12. Calculate j(s).
5
Let c(l) = l**3 - 3*l**2 - l + 3. Let h(m) = -2*m**2 - 13*m - 2. Let y be h(-6). Calculate c(y).
15
Let o(r) = r**2 - 1. Let h(d) = 2*d**2 - d - 3. Let z(s) = h(s) - 3*o(s). Let f = 507 - 507. Determine z(f).
0
Let a(k) = 3*k**3 - 2*k**2 - 3*k - 2. Let n be a(-1). Let r(o) = -o**2 + 5 + 3*o + 0*o - 6*o. What is r(n)?
1
Let i(q) = 2*q**3 + q**2 - 5. Let a(y) be the first derivative of y**4/2 + y**3/3 + y**2/2 - 6*y - 2. Let u(m) = -2*a(m) + 3*i(m). What is u(-2)?
-11
Let v(c) = -c**2 + 8*c - 12. Let y be v(8). Let i = y + 6. Let s(o) = -o**2 - 5*o + 5. Give s(i).
-1
Let j = 6 - 11. Let u = j + 6. Let t(w) = -2*w**3 + w**2. Calculate t(u).
-1
Let p(r) = r**2 + r + 3. Let h(o) = o - 1. Let j(n) = 2*h(n) + p(n). Determine j(-3).
1
Let y = 4 - 19. Let b = y - -11. Let d(k) = -5*k + 5 - 1 - k + 5*k. Calculate d(b).
8
Let b be 4/(-10)*20/(-4). Let p be 3/9 - b/6. Suppose p*g - g = -3. Let t(o) = 2*o - 4. Determine t(g).
2
Let r(s) = -3*s + 7. Let n be 12/6 + -1 + (2 - -3). Determine r(n).
-11
Let n(j) = -j - 4. Let m(s) = 3. Let k(t) = -6*m(t) - 5*n(t). Let z(r) = 2*r + 1. Let f(l) = 3*k(l) - 7*z(l). Give f(0).
-1
Let q(o) = -3*o**3 - 20*o**2 - o - 18. Let l(x) = -x**3 - 7*x**2 - 6. Let i(t) = 8*l(t) - 3*q(t). Give i(-4).
-6
Let v(j) be the first derivative of j**5/20 - j**4/6 - j**3/2 + 3*j**2/2 - j + 6. Let b(w) be the first derivative of v(w). Let a = 1 - -2. What is b(a)?
3
Let n(z) = 5*z**3 + 2*z**2 + 1. Let f(j) = 11*j**3 + 5*j**2 + j + 2. Let d(u) = -2*f(u) + 5*n(u). Let o be d(1). Let t(q) = o*q - 1 + 1 + 5 - 1. Give t(3).
10
Let t be 2/(-6) + (-2)/3. Let u(k) = k**2 - k + 1. Let s(x) = 14*x**2 - 4*x + 7. Let f(r) = -s(r) + 6*u(r). Calculate f(t).
-7
Let q(d) = -d - 2. Let i = 2 + 1. Let z(c) = 4*c**2 - 3*c**i + 5*c**3 + 2*c**2 + 1 - 3*c**3 - 6*c. Let l be z(5). Give q(l).
2
Let g(i) be the first derivative of -i**4/4 + 2*i**3 - 3*i**2 + 7*i + 38. Let o(d) = -d**3 + 3*d**2 + 3*d - 4. Let r be o(3). Determine g(r).
2
Let p(s) = 36 + 3*s**2 - 4*s**2 - s**3 + 4*s**2 - 37. Give p(3).
-1
Let r be ((-10)/35 + 9/7)/2. Let u(o) be the second derivative of -r*o**3 + 3*o - 2*o**2 + 0. Determine u(-4).
8
Let p(q) = 8*q - 3 - 7*q + 3 + 1. What is p(3)?
4
Let j be 3 - (3/(-3) + 1). Let m be 3/9 - 10/j. Let f(i) be the first derivative of -i**4/4 - i**3 + 2*i**2 + 2*i - 1. Determine f(m).
-10
Let x(y) = -y**3 + 10*y**2 + 3. Suppose -34 = -3*m - 4. Give x(m).
3
Let u(h) = 22*h**3 - 1. Let j(c) = -c**3 - c**2 + c. Let y(t) = -j(t) + u(t). What is y(-1)?
-22
Let b be (15/(-9))/((-1)/3). Let v(c) = -7*c**3 + 5*c**2 - 5*c + 15. Let q(a) = 11*a**3 - 7*a**2 + 8*a - 23. Let r(w) = -5*q(w) - 8*v(w). Calculate r(b).
-5
Let h(g) = g**2 - 8*g - 11. Let n(u) = -u**2 - 11*u - 21. Let y be n(-5). Determine h(y).
-2
Let k(c) = -3*c**2 + c**2 - 2*c**2 - 2*c + c**3. Suppose 0 = -10*v + 5*v - 4*a, -2*a - 10 = 0. Determine k(v).
-8
Let r(o) be the first derivative of -1 + 4*o**2 + 0*o**2 - 2 - 3*o**2. Calculate r(-2).
-4
Suppose -4*d + 5*p - 17 + 4 = 0, 5*d + p = -9. Let r be (3 - (-9)/d)*4. Let a(x) = 11*x - 5. Let n(k) = 33*k - 14. Let w(c) = r*n(c) + 17*a(c). What is w(-1)?
10
Let i = 2 + 4. Suppose 0 = 5*u - i*u + 2. Let x(w) = 2*w**3 - w**2 - 4*w + 3. What is x(u)?
7
Let g(s) = -5*s**3 - 12*s**2 - 5*s + 4. Let h(a) = -a**3 - 3*a**2 - a + 1. Let y(o) = -2*g(o) + 9*h(o). Calculate y(4).
21
Let l be 43/9 - (-2)/9. Let s = -4 + 7. Let w(k) = -k - l + s - 5. Give w(0).
-7
Let c = -4 - -10. Let z = c - 2. Let a(g) = 3*g + 4 - 6*g + z*g. What is a(-2)?
2
Let a(t) be the second derivative of -t**5/60 + t**4/24 + t**3/2 - t. Let d(x) be the second derivative of a(x). Give d(2).
-3
Let t(s) = -2*s**2 - s + 1. Let k(w) = -5*w**2 - 2*w + 3. Let l(g) = -4*k(g) + 11*t(g). Determine l(-2).
-3
Suppose -3*v + 10 = 2*v. Let r(i) = -i**2 + 3*i + 3. Let b(p) = -2*p**2 + 6*p + 6. Let u(q) = v*b(q) - 5*r(q). Give u(5).
7
Let j(w) = 30 - 3*w + 4*w - 15 - 12. Determine j(3).
6
Let f(s) = s**2 - 3*s + 3. Let b be f(3). Let r(k) = -13*k**2 + 6 + 5*k + b*k - k**3 + 8*k**2. What is r(-6)?
-6
Suppose 1 = f, -2*s + 5 = -5*s + 5*f. Let r(a) = a**2 + 1. Let q be r(0). Let i(v) = 2 - 2*v + q + v. What is i(s)?
3
Let v(c) be the first derivative of 3 - 2*c**2 + 3*c - 1/3*c**3. Give v(-4).
3
Let j(h) = 4 - 6*h - h**2 + 2*h + h. Calculate j(3).
-14
Let m(g) = -3*g + 2. Let l(b) = b. Let u(s) = -6*l(s) - m(s). Determine u(-7).
19
Let y(b) = b + 1 + 4*b + 2*b. Let r = -2 + 4. Let x be (1/r)/(1/(-2)). Give y(x).
-6
Let i(n) = 12*n - 1. Let s = 17 + -16. Calculate i(s).
11
Let a(v) = 0*v**2 - v**2 - 4*v**2 + 3*v + v**3. Suppose 0 = -7*n - 1 + 15. Give a(n).
-6
Suppose 8 = 50*i - 46*i. Let y(d) be the first derivative of 2*d**i - 3 - 2*d - 1/3*d**3. What is y(4)?
-2
Let u(p) = 2*p**3 + 6*p**2 - 3*p - 2. Let x(t) = -t**3 - 5*t**2 + 2*t + 2. Let f = 1 - 3. Let v(z) = f*u(z) - 3*x(z). Determine v(3).
-2
Let x(s) = -2*s**2 + 4*s - 2. Let a be (-9)/(3*(-1)/2). Suppose -m = -4*m + a. What is x(m)?
-2
Let v(x) = x**3 + 5*x**2 + 3*x - 2. Let q be 2/(-1) + 2 + 5. Suppose 0 = q*i + o - 2*o + 18, 0 = 4*i + 2*o + 6. Let z = i + -1. Determine v(z).
2
Let b(d) = 2*d + 2. Suppose -2*l = l + 9. Calculate b(l).
-4
Let u be 17 + 1 - (-11 - -9). Suppose 4*g - 5*g = 2*w + 1, -u = 2*g - 5*w. Let p(i) = -i**3 - 6*i**2 - 5*i - 1. Determine p(g).
-1
Let g(r) be the first derivative of -r**5/20 - r**2/2 + r + 1. Let x(j) be the first derivative of g(j). Give x(1).
-2
Let k(h) = -h. Let n(x) = -x**2 + x - 5. Let o(v) = k(v) - n(v). What is o(5)?
20
Let t(v) = -v**3 - v**2 - 3*v**2 + v**2 + 8*v**2 - 3*v. Calculate t(4).
4
Let g(s) = -6*s**2 + 4*s + 5. Let l(y) = -7*y**2 + 4*y + 6. Let o(f) = -6*g(f) + 5*l(f). Let z be o(4). Let r(k) = k**3 + k**2 + 6. Calculate r(z).
6
Let a be (-4)/18 + 38/9. Suppose 3*h - 11 = -5*r, 3*r + 6 = a*h + r. Let i(k) = k**3 - 3*k + 3. What is i(h)?
5
Let a(h) = -h**2 + 7*h - 3. Let c be a(6). Let n be 1*(-3)/c - -2. Let u(q) = -q. Determine u(n).
-1
Suppose 3*o - 3 = -3*p, 0 = 4*p - 3*o + 10. Let x(d) be the second derivative of -3*d**4/4 + d**3/6 + d**2/2 + d. Give x(p).
-9
Let o = 4 + -1. Let c(r) = r**2 - 3*r - 2. Let z be c(4). Let l(j) = -z - 3 + 1 + j. What is l(o)?
-1
Let u = 7 + -2. Let a(j) = -5*j**3 - 11*j**2 + 10*j + 2. Let d(r) = -4*r**3 - 10*r**2 + 9*r + 1. Suppose -6 = z - 0. Let t(v) = u*a(v) + z*d(v). Give t(4).
4
Let l(t) be the first derivative of 3*t**2/2 - 6*t - 13. Give l(4).
6
Suppose 0 = -w - 1 - 2. Let q(g) = 3*g**3 + 3*g**2 - 3*g + 5. Let c(o) = 2*o**3 + 3*o**2 - 2*o + 4. Let x(b) = w*q(b) + 4*c(b). What is x(3)?
4
Let v = 25 + -25. Let r(p) = -p**2 + p - 3. What is r(v)?
-3
Let w(x) be the first derivative of -x**2/2 + 4*x + 28. Calculate w(5).
-1
Let s(a) = a + 10. Let w be s(-6). Let v(l) = -l**3 + l - w*l**2 + 10*l**2 - 5*l. Suppose 0*h - 5*h - 2*x = -31, -4*x = -4*h + 8. Calculate v(h).
5
Let f(x) = 11*x + 1 - 7*x + x**2 - 3*x. Suppose -3*a - 1 - 6 = 2*w, 4*a - w + 13 = 0. Calculate f(a).
7
Let b(v) = -v**3 - 5*v**2 + 5*v - 3. Suppose -5*q = 3*y - 167, 